{"id":119,"date":"2025-04-07T12:04:01","date_gmt":"2025-04-07T10:04:01","guid":{"rendered":"https:\/\/torunzkwp.pl\/?page_id=119"},"modified":"2025-04-11T14:50:21","modified_gmt":"2025-04-11T12:50:21","slug":"asystenci","status":"publish","type":"page","link":"https:\/\/torunzkwp.pl\/?page_id=119","title":{"rendered":"Asystenci"},"content":{"rendered":"\n<p>Anna Musia\u0142<\/p>\n\n\n\n<p>Anna Ma\u0107kowiak<\/p>\n\n\n\n<p>Agnieszka Lewandowska<\/p>\n\n\n\n<p>Przemys\u0142aw Jarczy\u0144ski<\/p>\n\n\n\n<p>Janina Arczykowska<\/p>\n\n\n\n<p>Piotr Borkowski<\/p>\n\n\n\n<p>Larysa Karpi\u0144ska- Jettka<\/p>\n\n\n\n<hr class=\"wp-block-separator has-alpha-channel-opacity is-style-dots\"\/>\n","protected":false},"excerpt":{"rendered":"<p>Anna Musia\u0142 Anna Ma\u0107kowiak Agnieszka Lewandowska Przemys\u0142aw Jarczy\u0144ski Janina Arczykowska Piotr Borkowski Larysa Karpi\u0144ska- Jettka<\/p>\n","protected":false},"author":1,"featured_media":0,"parent":0,"menu_order":0,"comment_status":"closed","ping_status":"closed","template":"","meta":{"footnotes":""},"class_list":["post-119","page","type-page","status-publish","hentry"],"_links":{"self":[{"href":"https:\/\/torunzkwp.pl\/index.php?rest_route=\/wp\/v2\/pages\/119","targetHints":{"allow":["GET"]}}],"collection":[{"href":"https:\/\/torunzkwp.pl\/index.php?rest_route=\/wp\/v2\/pages"}],"about":[{"href":"https:\/\/torunzkwp.pl\/index.php?rest_route=\/wp\/v2\/types\/page"}],"author":[{"embeddable":true,"href":"https:\/\/torunzkwp.pl\/index.php?rest_route=\/wp\/v2\/users\/1"}],"replies":[{"embeddable":true,"href":"https:\/\/torunzkwp.pl\/index.php?rest_route=%2Fwp%2Fv2%2Fcomments&post=119"}],"version-history":[{"count":3,"href":"https:\/\/torunzkwp.pl\/index.php?rest_route=\/wp\/v2\/pages\/119\/revisions"}],"predecessor-version":[{"id":200,"href":"https:\/\/torunzkwp.pl\/index.php?rest_route=\/wp\/v2\/pages\/119\/revisions\/200"}],"wp:attachment":[{"href":"https:\/\/torunzkwp.pl\/index.php?rest_route=%2Fwp%2Fv2%2Fmedia&parent=119"}],"curies":[{"name":"wp","href":"https:\/\/api.w.org\/{rel}","templated":true}]}}