{"id":113,"date":"2025-04-07T11:57:00","date_gmt":"2025-04-07T09:57:00","guid":{"rendered":"https:\/\/torunzkwp.pl\/?page_id=113"},"modified":"2025-08-15T17:14:44","modified_gmt":"2025-08-15T15:14:44","slug":"sedziowie-i-asystenci","status":"publish","type":"page","link":"https:\/\/torunzkwp.pl\/?page_id=113","title":{"rendered":"S\u0119dziowie"},"content":{"rendered":"\n<p><strong><mark style=\"background-color:rgba(0, 0, 0, 0)\" class=\"has-inline-color has-vivid-red-color\">S\u0119dziowie kynologiczni w naszym Oddziale:<\/mark><\/strong><\/p>\n\n\n\n<p>Joanna D\u0105browska<br>Micha\u0142 Klafczy\u0144ski<br>Beata Klawi\u0144ska<br>Magdalena Anna Koz\u0142owska<br>Jaros\u0142aw Kubisz<br>Krzysztof Majbrodzki<br>Robert Ossowski<br>S\u0142awomir Sztul<br>Sylwester Tu\u0142odziecki<br>Anna Winiarska<br>Karolina W\u00f3jcik-Wonorska<\/p>\n\n\n\n<p>Aby sprawdzi\u0107 uprawnienia s\u0119dziego nale\u017cy przej\u015b\u0107 do bazy s\u0119dzi\u00f3w kynologicznych<br>na stronie <a href=\"https:\/\/sedziowie-zkwp.pl\" data-type=\"link\" data-id=\"https:\/\/sedziowie-zkwp.pl\">Zarz\u0105du G\u0142\u00f3wnego ZKwP &gt;&gt;<\/a><\/p>\n","protected":false},"excerpt":{"rendered":"<p>S\u0119dziowie kynologiczni w naszym Oddziale: Joanna D\u0105browskaMicha\u0142 Klafczy\u0144skiBeata Klawi\u0144skaMagdalena Anna Koz\u0142owskaJaros\u0142aw KubiszKrzysztof MajbrodzkiRobert OssowskiS\u0142awomir SztulSylwester Tu\u0142odzieckiAnna WiniarskaKarolina W\u00f3jcik-Wonorska Aby sprawdzi\u0107 uprawnienia s\u0119dziego nale\u017cy przej\u015b\u0107 do bazy s\u0119dzi\u00f3w kynologicznychna stronie Zarz\u0105du G\u0142\u00f3wnego ZKwP &gt;&gt;<\/p>\n","protected":false},"author":1,"featured_media":0,"parent":0,"menu_order":0,"comment_status":"closed","ping_status":"closed","template":"","meta":{"footnotes":""},"class_list":["post-113","page","type-page","status-publish","hentry"],"_links":{"self":[{"href":"https:\/\/torunzkwp.pl\/index.php?rest_route=\/wp\/v2\/pages\/113","targetHints":{"allow":["GET"]}}],"collection":[{"href":"https:\/\/torunzkwp.pl\/index.php?rest_route=\/wp\/v2\/pages"}],"about":[{"href":"https:\/\/torunzkwp.pl\/index.php?rest_route=\/wp\/v2\/types\/page"}],"author":[{"embeddable":true,"href":"https:\/\/torunzkwp.pl\/index.php?rest_route=\/wp\/v2\/users\/1"}],"replies":[{"embeddable":true,"href":"https:\/\/torunzkwp.pl\/index.php?rest_route=%2Fwp%2Fv2%2Fcomments&post=113"}],"version-history":[{"count":4,"href":"https:\/\/torunzkwp.pl\/index.php?rest_route=\/wp\/v2\/pages\/113\/revisions"}],"predecessor-version":[{"id":446,"href":"https:\/\/torunzkwp.pl\/index.php?rest_route=\/wp\/v2\/pages\/113\/revisions\/446"}],"wp:attachment":[{"href":"https:\/\/torunzkwp.pl\/index.php?rest_route=%2Fwp%2Fv2%2Fmedia&parent=113"}],"curies":[{"name":"wp","href":"https:\/\/api.w.org\/{rel}","templated":true}]}}